is divided by s.
22
Let p = -568 - -653. Suppose -153 - p = -34*o. Suppose 3*y = y + 4*t + 74, -2*t + 10 = 0. Calculate the remainder when y is divided by o.
5
Let b(w) = 2*w**2 + 54*w + 366. Calculate the remainder when 1780 is divided by b(-8).
44
Calculate the remainder when 176 is divided by 50/3*(-96)/(-20).
16
Suppose 0 = -4*p + 6 + 2. Suppose 0 = -5*f - 5, -p*u - 748 = 3*f + f. Let z = -166 - u. What is the remainder when z is divided by 19?
16
Let m(l) = 33*l - 30. Calculate the remainder when 132 is divided by m(2).
24
Suppose -2*u + 1423 = 3*c, -5*u - 2162 = -8*u + c. What is the remainder when u is divided by 80?
79
Suppose -4*h - 3*j + 2627 = 0, 9*j + 3275 = 5*h + 11*j. Calculate the remainder when h is divided by 11.
4
Let w(d) = 2*d**3 - 44*d**2 - 43*d - 11. What is the remainder when 260 is divided by w(23)?
28
Suppose i = -7*t + 8343, 2*t - 4*t + 5*i + 2389 = 0. What is the remainder when t is divided by 394?
10
Let c(l) = -11*l - 34. Suppose 9*v - 672 = -19*v. Calculate the remainder when c(-8) is divided by v.
6
Let s(t) = 3*t - 36. Let a be s(11). What is the remainder when 1 + (a - 1/((-2)/64)) is divided by ((-10)/15)/((-1)/12)?
6
Let s(x) = 2*x**2 + 8 - x**2 + 10. Let w = 99100 + -99032. What is the remainder when w is divided by s(0)?
14
Suppose 4*y - 2*x - 96 = 0, 71*x - 90 = -5*y + 66*x. Calculate the remainder when 215 is divided by y.
17
Let v(d) = -3*d + 1. Let q be v(-11). Let z = q - 23. Let w = z + 11. Calculate the remainder when w is divided by 6.
4
Suppose 3*c - 2*c + 3*j = -5, 5*j + 41 = 3*c. Suppose 0 = c*o + 4*o - 220. What is the remainder when 196 is divided by o?
16
Suppose 0 = 9*n - 128 - 34. Calculate the remainder when 49 is divided by ((-40)/n)/(3/(54/(-4))).
9
Let j(d) = d**3 + d**2 + d - 5. Let v be j(6). Suppose 620 + 130 = -6*k. Let t = v + k. What is the remainder when t is divided by 43?
42
Let r be (-2)/8 - (-5852)/112. Suppose 0 = 5*q - 4 - 11, 2*u + 2*q - r = 0. Calculate the remainder when 31 is divided by u.
8
Let f(z) = -14*z**3 + 2*z**2 - 4*z - 7. Suppose g - 3*b - 7 = 0, -3*g = -2*b + 6 - 27. What is the remainder when f(-2) is divided by (124/14)/(4 + (-27)/g)?
59
Suppose 133 + 21 = 7*b. Let a(g) = 13*g + b + 8*g - 2*g**3 - 20*g**2 + 0*g. What is the remainder when a(-11) is divided by 9?
6
Suppose -2*j = -4*j - 3*f + 32, -5*j + 80 = -f. Let g(y) = 48*y. Let k be g(5). Suppose -7*m = -11*m + k. Calculate the remainder when m is divided by j.
12
Suppose 78*l - 74*l + 28 = 0. Let o(i) = -24*i + 46. Calculate the remainder when o(l) is divided by (-426)/(-10) - 4/(-10).
42
Suppose -3*y + p + 111 = 36, -p = -y + 25. Calculate the remainder when (1 - 4) + (226 - -1) is divided by y.
24
Suppose -3*p = -128 + 20. What is the remainder when ((-1920)/168)/40 - 13598/(-14) is divided by p?
35
Suppose 0 = -10*a + 15*a - 120. Suppose 8*p + 0 - a = 0. Calculate the remainder when 8 is divided by p.
2
Calculate the remainder when 552 is divided by (-1 + 0 + 2)*(-73030)/(-134).
7
Suppose -12*x - 72 = -36*x. Suppose -5*f + 5*b = -50, -b - x*b = 16. What is the remainder when 26 is divided by f?
2
Let u(v) = -4 - 61295*v - 7 + 61296*v + 3*v**2. Calculate the remainder when u(4) is divided by 22.
19
Suppose 6*j - 20 + 2 = 0. Calculate the remainder when 100 is divided by 34/j*(-12)/(-8).
15
Let y(d) = d**3 - 15*d**2 - 6*d + 7. Let z(q) = 15*q + 159. Calculate the remainder when y(16) is divided by z(-9).
23
Suppose 39 = 2*d + 3*r - 45, -2*d + 98 = -4*r. Calculate the remainder when 620/d + (4/(-18))/(-1) is divided by 5.
4
Let n(m) = 3*m**2 + 14*m - 153. Calculate the remainder when 66 is divided by n(6).
27
Let x(c) = 21*c + 24*c - 44*c - 73 + c**2 + c**2. Calculate the remainder when 88 is divided by x(-8).
41
Suppose -13*u + 289 = 263. Suppose 4*l = 8, -6*l = u*i - 10*l - 58. What is the remainder when 259 is divided by i?
28
Suppose 0 = -3*r - 9 + 126. What is the remainder when ((-5)/(-5))/((-480)/(-111840)) is divided by r?
38
Let f = 209 - 280. What is the remainder when ((-9)/(-6))/(1/2) - f is divided by 7?
4
Let k be (2*2)/((-15)/((-375)/20)). Suppose 16 + 22 = f - 4*h, k*f - 295 = -h. What is the remainder when f is divided by 15?
13
Suppose 6*w - 31*w = -1940 + 15. Calculate the remainder when 652 is divided by w.
36
Suppose 5*s + 16*b - 11*b = -645, -2*s - 4*b - 262 = 0. Let y = s + 185. What is the remainder when 231 is divided by y?
57
Suppose 0*n - 5*n = -470. Suppose 4*r - 20 - 86 = -2*c, -3*r - 3*c + 87 = 0. Calculate the remainder when n is divided by r.
22
Let n(g) be the third derivative of -g**6/120 - g**5/30 + 15*g**2. Let z = -7 + 4. What is the remainder when n(z) is divided by 6?
3
What is the remainder when ((-98329)/385)/(3/(-15)) is divided by 160?
157
Suppose 2957 = 2*t + 175. Suppose -8*a + 593 = -t. What is the remainder when a is divided by 50?
48
Let m = -448 - -479. Let y = 105 - 102. What is the remainder when m is divided by y?
1
Let y = 33579 - 33478. What is the remainder when 1191 is divided by y?
80
Suppose 5*r - 395 = 4*m, -60 = -2*r + r - 3*m. Let k(g) = -14*g - 44. Let q be k(-6). Calculate the remainder when r is divided by (q - 1)*(-9)/(-9).
36
Let z(w) = -2*w**2 - 7*w + 4. Let i be z(3). Let r = 241 - i. What is the remainder when r*(-3 + (-78)/(-27))*-3 is divided by 25?
17
Let t(v) = 2*v - 9. Let f(u) = -u - 9. Let z be f(-15). Let j be t(z). Calculate the remainder when (-7)/(5/(-150)*j) is divided by 36.
34
Let m = -15 + 45. Suppose 5*u - 180 = -155. Suppose 5*g + 2*f = 585, -u*g + 51 = -f - 549. Calculate the remainder when g is divided by m.
29
Calculate the remainder when 2/(-11 + 7 + (-7984)/(-1992)) is divided by 121.
7
Let l(u) = u**3 - 2*u**2 + u - 4. Let w be l(3). Let t be -4 + (-111)/(-12) + 6/w. What is the remainder when 27 is divided by (2/6)/((-749)/126 + t)?
3
Suppose i + 12 = 2*i. Suppose 2*m - 3*c = 198, m - 237 = 8*c - 112. What is the remainder when m is divided by i?
9
Let f(b) = -11 + 8*b + 20 - 21 + b**2. Let q be f(-8). What is the remainder when 52 is divided by q*1*15/(-10)?
16
Let g(z) = -z**2 + 39*z + 33. Let n(w) = 2*w**2 - 5*w + 5. Let u be n(-3). Calculate the remainder when 348 is divided by g(u).
64
Suppose 3*a - 306 = -0*a. Calculate the remainder when a is divided by (-128)/(-12) - 231/(-99).
11
Let o(k) = k**3 - 8*k**2 + 2*k - 6. Let a = -2864 - -2911. What is the remainder when a is divided by o(8)?
7
Suppose 582 + 292 = 38*l. Let w = -139 - -275. Calculate the remainder when w is divided by l.
21
Let y = 434 + -296. Suppose -4*l + 3*m = -191, 3*l - y = -m + 5*m. Calculate the remainder when 198 is divided by l.
48
Calculate the remainder when (-38)/(-1520)*24 + 14467/5 is divided by 69.
65
Let a(x) be the first derivative of x**4/4 + x**3 + x**2/2 - 2. Let u = 71180 - 71179. What is the remainder when a(-1) is divided by u?
0
Suppose -6321 = -109*k + 15434 + 1353. What is the remainder when 444 is divided by k?
20
Calculate the remainder when (-34)/(-51)*9342/36 is divided by 36.
29
Suppose -847*z = 5*j - 843*z - 384, -5*j + 354 = -z. Calculate the remainder when 775 is divided by j.
55
Let n(k) = 36*k - 12. Let m(w) = -35*w + 12. Let d(l) = -5*m(l) - 4*n(l). Let t be d(8). Suppose -10*o + 44 = -t. What is the remainder when o is divided by 5?
3
Suppose -13*b = -0*b. Suppose -g - 4 = 2*u - b*u, -3*u - 12 = 0. Suppose -g*q = -143 + 19. What is the remainder when q is divided by 13?
5
Calculate the remainder when (-1 - 0)*10/4*478458/(-285) is divided by 30.
27
Let m be 2/(-3)*(-144)/(-8). Let d be (-2 + 35/20)*m. Suppose 2*f + f + 3 = 0, f + 223 = d*n. Calculate the remainder when n is divided by 25.
24
Suppose u + 2*u - 5135 = -76*u. What is the remainder when 1167 is divided by u?
62
Suppose 0 = m - 6 - 0. Let w = -27806 - -27906. What is the remainder when w is divided by m?
4
Suppose 0 = 64*v - 51*v - 988. Suppose -5*a = -159 - 121. Suppose -a*j = -55*j - v. Calculate the remainder when j is divided by 13.
11
Let f(q) = -q**3 - 14*q**2 - 30*q - 470. What is the remainder when f(-15) is divided by 86?
33
Let z(c) = 18*c - 14. Suppose -3*p = 6, 3*f - 11 = -7*p + 8*p. Calculate the remainder when 237 is divided by z(f).
37
Suppose -43*k + 1868 = -39*k + d, 0 = -4*d. Let h = 470 - k. Let m(z) = z**3 + 7*z**2 + z 